inder when b(g) is divided by 3?
2
Let o be (-1)/(3/(-18) - 0). Let l(n) = -n**3 + 8*n**2 - 4*n - 1. Suppose -2*p = 4*f - p - 60, 44 = 3*f + p. What is the remainder when l(o) is divided by f?
15
Suppose -3*k + 110 = 2*k. Suppose 0*l = 2*l - k. Calculate the remainder when l is divided by 6/(-14) + (-495)/(-77).
5
Let j = 8 - 9. What is the remainder when 26 is divided by j - (24/(-3) - 0)?
5
Let r = 35 - 0. Suppose 2*k - r = 5*m, k - 3*m = 2*k - 12. Let u = -10 + k. Calculate the remainder when 19 is divided by u.
4
Let q(o) = o**3 - 7*o**2 - 7*o - 8. Let u be q(8). Suppose -2*z + u + 26 = 0. Let w = -38 - -87. Calculate the remainder when w is divided by z.
10
Calculate the remainder when (-1068)/(-18) + (-6)/(-9) is divided by 21.
18
Let o(d) = -42*d - 2. What is the remainder when o(-1) is divided by 11?
7
What is the remainder when 19 is divided by (9/4)/(30/160)?
7
Suppose 0*m - 40 = -4*m + 4*l, -4*l = 5*m - 59. Suppose 4 = r + 1. Calculate the remainder when m is divided by r.
2
Suppose -86 = -0*j - 2*j. Suppose 4*y = 5*u + 92, -3*y - u + 66 + 3 = 0. What is the remainder when j is divided by y?
20
Let r(w) be the third derivative of w**6/120 + w**5/10 - w**4/3 - w**3 - 3*w**2. Suppose -v + 1 = -0. What is the remainder when v is divided by r(-7)?
0
Let p(j) = j**2 - 6*j + 3. What is the remainder when 56/10 - (-12)/(-20) is divided by p(6)?
2
Suppose -18 = 3*m + 3*c, 5*c + 12 = m - 0*m. Let v(x) = x**2 - 3*x - 1. What is the remainder when v(m) is divided by 1 - -2*5/2?
5
Suppose -3*o + 38 = 4*z, -4*z - 1 + 23 = -5*o. Suppose 3*d - 2*j - 65 = 0, 0 = -4*d + d + 5*j + 59. Calculate the remainder when d is divided by z.
7
Let j(a) = -a - 5. Let p be j(-6). Let w = -44 - -47. Calculate the remainder when 8 is divided by -1 + w + 3/p.
3
Let s(q) = -q - 5. Let t be s(-6). Suppose -5*n + 101 = -3*x, 2*n - 4*x - 33 = -t. Calculate the remainder when 65 is divided by n.
21
Let k = -12 + 19. Suppose 0 = -5*x - 5*n - 100, -42 = 2*x - 2*n + 6. Let y = x + 42. Calculate the remainder when y is divided by k.
6
Let l = -46 - -77. Calculate the remainder when l is divided by 11.
9
Calculate the remainder when 29 is divided by 2/(-6) + 50/15 + 13.
13
Suppose s + 1 = -4*u, -s = 3*s - 2*u - 14. Suppose 107 = s*d - 22. What is the remainder when d is divided by 12?
7
Suppose -q = 3*d - 224, 0*d + 5*q = 5*d - 380. Calculate the remainder when d is divided by 38.
37
Let v = -3 - -134. Suppose -v = -5*z - 1. Suppose l + l - z = 0. What is the remainder when 38 is divided by l?
12
Suppose 16 = q + 3*u, 4*q + 0*q + 5*u = 64. Suppose 0 = 5*x - 4*x - q. Let j = -58 + 105. Calculate the remainder when j is divided by x.
15
Let w = 14 + -8. Let k(g) = g**3 + g**2 + g + 10. What is the remainder when k(0) is divided by w?
4
Suppose -3*a - 14 + 35 = 0. Calculate the remainder when 51 is divided by a.
2
Let x = 320 - 183. What is the remainder when x is divided by 23?
22
Suppose -2*z + 8 = 4*p, 0*z = 2*z + 2*p - 4. Suppose z = 4*s - 6 - 66. What is the remainder when 35 is divided by s?
17
Calculate the remainder when ((-42)/(-5))/(3/15) is divided by 11.
9
Let h = 179 + -74. Calculate the remainder when h is divided by 18.
15
What is the remainder when 79 is divided by ((-128)/(-3) - 2) + 7/21?
38
Suppose 2*u + 2*u - 5*d - 90 = 0, 5*d + 50 = 2*u. Let s(v) = 5*v + 14. What is the remainder when s(5) is divided by u?
19
Let v = 11 - 7. Let l(d) be the third derivative of d**4/24 - d**3/6 - d**2. Calculate the remainder when l(7) is divided by v.
2
Let g = -47 + 101. Suppose -4*a = -5*u + 77 - 27, -5*a + 2*u = g. Calculate the remainder when 16 is divided by 4/a - 282/(-30).
7
Suppose 3*g = 36 - 15. Let s = g - 2. What is the remainder when s is divided by 2?
1
Suppose 3*w - 3*o = -36, -4*o - 42 = 5*w - 3*o. Suppose 5*k = 13 + 62. What is the remainder when k is divided by 25/3 + 3/w?
7
Let q(k) = 3*k**2 + 4*k + 4. Calculate the remainder when 20 is divided by q(-2).
4
Let g(o) = o + 8. What is the remainder when 38 is divided by g(5)?
12
Suppose -o = -5*o + 172. Calculate the remainder when o is divided by 23.
20
Let o = 624 - 432. Suppose f = 1 + 2. Suppose f*k - o = -k. What is the remainder when k is divided by 25?
23
Suppose -z + 16 = 9. Calculate the remainder when 25 is divided by z.
4
Suppose 2*y + 11 = 3*y. Suppose -z = z - 60. Calculate the remainder when z is divided by y.
8
Let q = -72 + 89. What is the remainder when 56 is divided by q?
5
Let u(k) = -k**2. Let a(r) = 7*r**2 - 8*r + 5. Let m(w) = -a(w) - 6*u(w). What is the remainder when 30 is divided by m(4)?
8
Let a be -1 + 0 - (-2 - -3). Calculate the remainder when (-14 - -12)/(a/5) is divided by -1*(-4)/(-10)*-5.
1
Suppose 2*o + 2 + 21 = -3*f, 5*f - o + 34 = 0. Let x = f - -10. Calculate the remainder when 11 is divided by x.
2
Let m be (12/10)/(3/10). Suppose 3 = m*j - 37. Suppose j = n + 3. What is the remainder when 13 is divided by n?
6
Suppose 2*w + 117 = 5*w. What is the remainder when 152 is divided by w?
35
Let a = 14 + -8. Suppose -q + 5*o + 1 = -1, -34 = -q - 3*o. What is the remainder when q is divided by a?
4
Let q = 28 + -9. Let y(w) = 5*w - 4. Let v be y(6). Suppose -4*t + v = 2*n - 0*t, -4*n + 3*t = -19. Calculate the remainder when q is divided by n.
5
Let h be (8/(-3))/(2/(-3)). Suppose 0 = -j + h + 5. Let m = j + 8. What is the remainder when m is divided by 6?
5
Calculate the remainder when 8 is divided by -14*3/(-6) - 2.
3
Let l = 22 + -7. Calculate the remainder when 70 is divided by l.
10
What is the remainder when (-3)/2 - (-7 + 315/(-18)) is divided by 6?
5
Let i = 10 + -5. Suppose a - 4 = -2. Suppose a*q + 1 - 17 = 0. What is the remainder when q is divided by i?
3
Let g be (2/(-4))/(14/(-588)). Suppose a + g = 126. Calculate the remainder when a is divided by 27.
24
Let w(m) = m**3 + 6*m**2 + 4*m. Let z be w(-5). Suppose z*j + 1 = 146. Calculate the remainder when j is divided by 10.
9
Suppose 117 = k + 2*k + 4*g, -156 = -4*k - 4*g. Suppose 3*w + 9 = k. Calculate the remainder when 22 is divided by 4/w - (-114)/15.
6
Let u(y) = -y**3 - 6*y**2 - 6*y + 3. Let f = -36 + -6. Let p = f + 63. What is the remainder when p is divided by u(-5)?
5
Let s be 1*(-2 + 1)*-3. Suppose s*p - 151 = -2*z, 0 = 5*z + p - 4*p - 346. Calculate the remainder when z is divided by 24.
23
Suppose -3*f + 290 = -4*b, 5*f - 4*b = -0*b + 494. Calculate the remainder when f is divided by 52.
50
Suppose -5*n - 25 = -i + 8, -113 = -5*i - n. Calculate the remainder when i is divided by -12*2/6*-2.
7
Suppose -5*c - 4*p + 15 = 0, 2*p - 3*p = -2*c + 6. What is the remainder when c is divided by 3?
0
Let w(d) = -d**2 - 13*d - 11. Let m be w(-9). Suppose 0 = -3*j + 2*j + m. Calculate the remainder when j is divided by 9.
7
Let h = 54 - 16. Calculate the remainder when 148 is divided by h.
34
Suppose z - 187 = -54. Calculate the remainder when z is divided by 45.
43
Let y be ((-4)/3)/((-3)/(-9)). Calculate the remainder when (-22)/y + (-11)/(-22) is divided by 4.
2
Suppose 2*p = -6, 3*d = -6*p + 5*p + 33. Let m(f) be the first derivative of -f**4/4 + 5*f**3/3 + 7*f**2/2 + 1. What is the remainder when m(5) is divided by d?
11
Let q = 76 + -42. Calculate the remainder when q is divided by 12.
10
Suppose 0 = -3*l + 166 - 40. Calculate the remainder when l is divided by 24.
18
Suppose 4*f + 4*o = -0*f + 132, -4*f = -3*o - 97. Suppose -5*r + 204 + 61 = 0. What is the remainder when r is divided by (1 + 2)/(6/f)?
11
Let t be -3 + 1/1 - -101. Suppose 3*z = -30 + t. Suppose 4*a = 158 + 110. What is the remainder when a is divided by z?
21
Let g be (-2)/5 - 171/(-15). Suppose -g - 45 = -4*p. What is the remainder when p is divided by 5?
4
Let k be (-2)/(-3) + 10/3. Suppose -2*x = 2*a + 3*x - 34, -2*a + k*x = -16. Calculate the remainder when 45 is divided by a.
9
Suppose -4*o + 9 = -3*o. Calculate the remainder when 43 is divided by o.
7
Let u(v) = 5*v**3 + 2*v**2 + v + 3. Let g(s) = s**3 - s**2 - s. Let w(b) = g(b) - u(b). Calculate the remainder when w(-2) is divided by 6.
3
Let f(q) = 10*q**2 + 6*q + 10. Calculate the remainder when f(-2) is divided by 22.
16
Let v(x) = x. Let c be v(-5). Let f = 11 + c. What is the remainder when 15 is divided by (12/(-2))/(-3) + f?
7
Suppose 3*o - 70 - 2 = 0. What is the remainder